909
101200 (base 3) to base 5
2123
58 (base 13) to base 16
49
What is 13211 (base 5) in base 11?
880
Convert 348 (base 14) to base 11.
543
Convert 153 (base 8) to base 7.
212
-2041 (base 10) to base 5
-31131
What is -2201121 (base 4) in base 13?
-4917
Convert -15194 (base 12) to base 2.
-111001111000000
Convert -76425 (base 8) to base 11.
-22070
-1108 (base 16) to base 2
-1000100001000
2045 (base 11) to base 10
2711
-11aaa (base 12) to base 8
-56742
13651 (base 7) to base 4
322300
94 (base 11) to base 13
7c
What is 122223 (base 7) in base 6?
251430
20387 (base 11) to base 4
13100230
What is -10254 (base 9) in base 12?
-3b04
Convert -111202200 (base 3) to base 7.
-41154
-b8 (base 12) to base 14
-a0
What is -4411 (base 5) in base 9?
-743
422 (base 9) to base 13
206
-950b (base 15) to base 7
-160604
Convert 45201 (base 8) to base 10.
19073
What is 31776 (base 10) in base 4?
13300200
b9a4 (base 16) to base 14
13468
What is 11011100 (base 3) in base 9?
4140
What is 30204 (base 8) in base 15?
3a30
-130032 (base 4) to base 10
-1806
-e (base 16) to base 13
-11
What is -1402 (base 9) in base 7?
-3035
What is -10155 (base 6) in base 7?
-3662
What is -50001 (base 6) in base 3?
-22220001
11110011 (base 2) to base 14
135
-20210210 (base 3) to base 8
-11542
Convert -29 (base 12) to base 13.
-27
What is -32466 (base 8) in base 9?
-20615
What is 600 (base 12) in base 10?
864
Convert -b44 (base 14) to base 2.
-100010101000
Convert -17a (base 15) to base 9.
-417
What is 10212 (base 9) in base 12?
3a92
-1120210 (base 3) to base 5
-14110
What is -552 (base 9) in base 5?
-3302
What is 184 (base 15) in base 16?
15d
Convert -5914 (base 10) to base 3.
-22010001
-aa8 (base 15) to base 7
-10010
-36be (base 16) to base 7
-55600
What is -35581 (base 11) in base 5?
-3120042
What is -142 (base 10) in base 13?
-ac
-576 (base 10) to base 9
-710
What is -12160 (base 13) in base 5?
-2030302
Convert 1ca (base 13) to base 8.
517
1aa5 (base 12) to base 16
cdd
What is -369 (base 12) in base 3?
-201000
What is -21613 (base 9) in base 7?
-56556
What is -422d (base 16) in base 5?
-1020231
What is -10333 (base 4) in base 11?
-270
Convert -3867 (base 11) to base 8.
-11652
Convert -1436 (base 7) to base 10.
-566
Convert -220101020 (base 3) to base 13.
-8121
2345 (base 7) to base 2
1101100010
What is 1001220022 (base 3) in base 8?
51114
283 (base 9) to base 15
10c
What is -193 (base 12) in base 7?
-513
Convert 3754 (base 12) to base 8.
14160
What is 110001100010 (base 2) in base 6?
22402
What is 1202221120 (base 3) in base 12?
18289
What is 1dc (base 16) in base 5?
3401
-10990 (base 12) to base 6
-250300
What is -110111111000 (base 2) in base 15?
-10d6
-100213 (base 5) to base 9
-4326
Convert 168 (base 15) to base 12.
22b
-13002 (base 6) to base 5
-30241
What is -219 (base 11) in base 10?
-262
Convert -15514 (base 8) to base 16.
-1b4c
Convert 12904 (base 11) to base 9.
27210
What is -100412 (base 8) in base 9?
-50274
4aea (base 16) to base 12
b122
Convert 11e7 (base 15) to base 8.
7351
122021111 (base 3) to base 12
7357
What is 5752 (base 11) in base 10?
7559
136d3 (base 16) to base 10
79571
353 (base 9) to base 12
203
5062 (base 8) to base 2
101000110010
Convert 131210 (base 7) to base 15.
73a8
What is 2030312 (base 4) in base 5?
242024
Convert 1418 (base 9) to base 15.
4b5
What is -45404 (base 10) in base 13?
-17888
What is 1100100010011 (base 2) in base 14?
24a7
22d (base 15) to base 10
493
Convert -110211 (base 3) to base 7.
-1003
-1231210 (base 4) to base 9
-10551
What is 120202 (base 3) in base 13?
269
Convert 758 (base 10) to base 14.
3c2
What is 11340 (base 7) in base 8?
5547
Convert 2578 (base 10) to base 12.
15aa
What is -18157 (base 9) in base 6?
-133554
What is -324 (base 12) in base 13?
-295
What is -dc46 (base 14) in base 8?
-112306
44264 (base 7) to base 11
839a
44244 (base 7) to base 15
3456
Convert -30950 (base 10) to base 2.
-111100011100110
What is -100110011111 (base 2) in base 15?
-ae3
-111110000000 (base 2) to base 6
-30212
5524 (base 6) to base 9
1667
2450 (base 10) to base 6
15202
What is -586 (base 14) in base 3?
-1111200
Convert -35a (base 11) to base 2.
-110101100
What is 5b (base 14) in base 5?
311
What is 1100211 (base 3) in base 10?
994
Convert -232101 (base 4) to base 12.
-1869
-400 (base 10) to base 7
-1111
-12260 (base 7) to base 2
-110010011011
-12127 (base 8) to base 10
-5207
-20200222 (base 3) to base 6
-34342
515 (base 8) to base 7
654
What is -20055 (base 6) in base 12?
-162b
Convert 245254 (base 7) to base 4.
23000032
Convert -a977 (base 12) to base 2.
-100100011101011
-21002021 (base 4) to base 14
-d6ad
What is -2675 (base 12) in base 7?
-15566
281 (base 11) to base 5
2311
Convert -3223 (base 4) to base 10.
-235
Convert -79e (base 15) to base 7.
-5012
Convert -8a2 (base 11) to base 16.
-438
-6558 (base 9) to base 8
-11340
-710 (base 11) to base 16
-35a
Convert 41310 (base 8) to base 15.
50eb
What is 3123 (base 4) in base 10?
219
Convert 10111 (base 2) to base 8.
27
-27167 (base 8) to base 9
-17276
What is -68c (base 13) in base 9?
-1485
Convert -66ab (base 12) to base 4.
-2301203
Convert -5b4 (base 16) to base 12.
-a18
-2d4 (base 15) to base 10
-649
-206 (base 8) to base 10
-134
What is -12c (base 13) in base 16?
-cf
Convert -5353 (base 6) to base 11.
-a10
What is 3e0 (base 16) in base 14?
50c
Convert 200a (base 11) to base 7.
10535
Convert 31234 (base 5) to base 6.
13325
522 (base 13) to base 5
11443
Convert 381 (base 11) to base 8.
704
Convert 658 (base 12) to base 8.
1644
-492 (base 15) to base 3
-1102102
24443 (base 5) to base 7
5314
Convert -53328 (base 10) to base 2.
-1101000001010000
Convert 25664 (base 7) to base 14.
26db
What is -665 (base 9) in base 15?
-265
Convert -4640 (base 15) to base 12.
-8766
-302231 (base 4) to base 14
-127b
Convert -846 (base 13) to base 9.
-1836
Convert -493 (base 10) to base 13.
-2bc
What is -105200 (base 7) in base 11?
-12a98
-1cb (base 16) to base 4
-13023
Convert 4220 (base 5) to base 2.
1000110000
Convert 68a2 (base 11) to base 6.
105550
21b9 (base 16) to base 7
34112
What is -11251 (base 8) in base 5?
-123102
202010 (base 3) to base 5
4133
What is -2485 (base 9) in base 6?
-12335
1635 (base 14) to base 5
111332
Convert 10011110111101 (base 2) to base 4.
2132331
Convert -1000111110100 (base 2) to base 14.
-1964
What is -364 (base 10) in base 13?
-220
-709 (base 14) to base 9
-1804
What is 6969 (base 16) in base 6?
324533
What is -1140 (base 15) in base 6?
-24540
What is -1011001100111 (base 2) in base 4?
-1121213
29b8 (base 12) to base 15
16b2
What is -3343333 (base 5) in base 14?
-1781c
1154 (base 8) to base 3
211222
What is -116c (base 13) in base 5?
-34311
Convert 2855 (base 16) to base 5.
312300
1078 (base 9) to base 10
800
-23232002 (base 4) to base 10
-48002
What is 2b7 (base 13) in base 14?
26c
-122111 (base 3) to base 15
-217
11313130 (base 4) to base 3
1012221221
-8108 (base 10) to base 2
-1111110101100
What is -10010010100011 (base 2) in base 12?
-5517
Convert 21a (base 11) to base 7.
524
43 (base 16) to base 6
151
What is -1010101010 (base 2) in base 13?
-406
34443 (base 5) to base 13
11a2
Convert 34116 (base 10) to base 12.
178b0
ad (base 14) to base 3
12200
Convert 358 (base 10) to base 11.
2a6
What is 2ff (base 16) in base 13?
470
5399 (base 13) to base 5
332433
Convert -10211300 (base 4) to base 14.
-6bcc
-1210212112 (base 3) to base 12
-1874b
Convert -67606 (base 8) to base 7.
-146144
1021122 (base 3) to base 6
4155
24133 (base 6) to base 2
110110111001
131 (base 14) to base 5
1424
Convert 39d (base 14) to base 4.
23113
1111022020 (base 3) to base 4
13023012
What is -41a5 (base 11) in base 5?
-134220
21a2 (base 11) to base 6
21223
-a802 (base 12) to base 14
-6a0a
What is 110010000100 (base 2) in base 10?
3204
Convert 6172 (base 8) to base 13.
15b9
Convert -30332 (base 4) to base 7.
-2264
Convert 2265 (base 11) to base 8.
5637
-8c (base 14) to base 10
-124
Convert 21101 (base 3) to base 12.
147
-3023212 (base 4) to base 10
-13030
What is -5386 (base 10) in base 15?
-18e1
What is 4264 (base 7) in base 12?
a64
-12404 (base 5) to base 8
-1723
-152212 (base 6) to base 13
-6950
771 (base 8) to base 14
281
-1b3b5 (base 13) to base 5
-3202013
Convert 311031 (base 4) to base 7.
12633
33142 (base